{"id":391,"date":"2015-04-16T14:24:24","date_gmt":"2015-04-16T14:24:24","guid":{"rendered":"http:\/\/welfare.cmsmasters.net\/?page_id=391"},"modified":"2015-04-16T14:24:24","modified_gmt":"2015-04-16T14:24:24","slug":"posts-or-projects-slider","status":"publish","type":"page","link":"https:\/\/cczimbrulsuceava.ro\/index.php\/posts-or-projects-slider\/","title":{"rendered":"Posts or Projects Slider"},"content":{"rendered":"<style type=\"text\/css\"> \n#cmsmasters_row_69f5ac9142cd2 .cmsmasters_row_outer_parent { \n\tpadding-top: 70px; \n} \n\n#cmsmasters_row_69f5ac9142cd2 .cmsmasters_row_outer_parent { \n\tpadding-bottom: 70px; \n} \n\n \n#cmsmasters_heading_69f5ac9142d4b { \n\ttext-align:center; \n\tmargin-top:0px; \n\tmargin-bottom:20px; \n} \n\n#cmsmasters_heading_69f5ac9142d4b .cmsmasters_heading { \n\ttext-align:center; \n} \n\n#cmsmasters_heading_69f5ac9142d4b .cmsmasters_heading, #cmsmasters_heading_69f5ac9142d4b .cmsmasters_heading a { \n\tfont-weight:bold; \n\tfont-style:normal; \n} \n\n#cmsmasters_heading_69f5ac9142d4b .cmsmasters_heading_divider { \n} \n\n \n#cmsmasters_divider_69f5ac91455f4 { \n\tborder-bottom-width:1px; \n\tborder-bottom-style:solid; \n\tpadding-top:50px; \n\tmargin-bottom:50px; \n} \n \n#cmsmasters_heading_69f5ac9145604 { \n\ttext-align:center; \n\tmargin-top:40px; \n\tmargin-bottom:20px; \n} \n\n#cmsmasters_heading_69f5ac9145604 .cmsmasters_heading { \n\ttext-align:center; \n} \n\n#cmsmasters_heading_69f5ac9145604 .cmsmasters_heading, #cmsmasters_heading_69f5ac9145604 .cmsmasters_heading a { \n\tfont-weight:bold; \n\tfont-style:normal; \n} \n\n#cmsmasters_heading_69f5ac9145604 .cmsmasters_heading_divider { \n} \n\n<\/style><div id=\"cmsmasters_row_69f5ac9142cd2\" class=\"cmsmasters_row cmsmasters_color_scheme_default cmsmasters_row_top_default cmsmasters_row_bot_default cmsmasters_row_boxed\">\n<div class=\"cmsmasters_row_outer_parent\">\n<div class=\"cmsmasters_row_outer\">\n<div class=\"cmsmasters_row_inner\">\n<div class=\"cmsmasters_row_margin\">\n<div class=\"cmsmasters_column one_first\">\n\n<div id=\"cmsmasters_heading_69f5ac9142d4b\" class=\"cmsmasters_heading_wrap cmsmasters_heading_align_center\">\n\t<h2 class=\"cmsmasters_heading\">Posts Slider<\/h2>\n<\/div><div class=\"cmsmasters_posts_slider\" >\r\n\t\t<script type=\"text\/javascript\">\r\n\t\t\tjQuery(document).ready(function () { \r\n\t\t\t\tvar container = jQuery('.cmsmasters_slider_69f5ac9142de8');\r\n\t\t\t\t\tcontainerWidth = container.width(), \r\n\t\t\t\t\tfirstPost = container.find('article'), \r\n\t\t\t\t\tpostMinWidth = Number(firstPost.css('minWidth').replace('px', '')), \r\n\t\t\t\t\tpostThreeColumns = (postMinWidth * 4) - 1;\r\n\t\t\t\t\tpostTwoColumns = (postMinWidth * 3) - 1;\r\n\t\t\t\t\tpostOneColumns = (postMinWidth * 2) - 1; \r\n\t\t\t\t\r\n\t\t\t\t\r\n\t\t\t\tjQuery('.cmsmasters_slider_69f5ac9142de8').owlCarousel( {\r\n\t\t\t\t\titems : 4, \r\n\t\t\t\t\titemsDesktop : false,\r\n\t\t\t\t\titemsDesktopSmall : [postThreeColumns,3], \r\n\t\t\t\t\titemsTablet : [postTwoColumns,2], \r\n\t\t\t\t\titemsMobile : [postOneColumns,1], \r\n\t\t\t\t\ttransitionStyle : false, \r\n\t\t\t\t\trewindNav : true, \r\n\t\t\t\t\tslideSpeed : 200, \r\n\t\t\t\t\tpaginationSpeed : 800, \r\n\t\t\t\t\trewindSpeed : 1000, autoPlay : 3000, stopOnHover : true, \r\n\t\t\t\t\tautoHeight : true, \r\n\t\t\t\t\taddClassActive : true, \r\n\t\t\t\t\tresponsiveBaseWidth : '.cmsmasters_slider_69f5ac9142de8', \r\n\t\t\t\t\tpagination : false, \r\n\t\t\t\t\tnavigation : true, \r\n\t\t\t\t\tnavigationText : [ \"<span class=\\\"cmsmasters_prev_arrow\\\"><span><\/span><\/span>\", \"<span class=\\\"cmsmasters_next_arrow\\\"><span><\/span><\/span>\" ] \r\n\t\t\t\t} );\r\n\t\t\t} );\r\n\t\t<\/script>\r\n\t\t<div id=\"cmsmasters_owl_carousel_69f5ac9142de8\" class=\"cmsmasters_owl_slider cmsmasters_slider_69f5ac9142de8\"><div>\r\n<!--_________________________ Start Standard Article _________________________ -->\r\n\r\n<article id=\"post-9967\" class=\"cmsmasters_slider_post post-9967 post type-post status-publish format-standard has-post-thumbnail hentry category-news tag-centrul-comercial-zimbrul-suceava tag-orar-paste-2023\">\r\n\t<div class=\"cmsmasters_slider_post_outer\">\r\n\t<div class=\"cmsmasters_slider_post_date_img_wrap\"><figure class=\"cmsmasters_img_rollover_wrap preloader\"><img loading=\"lazy\" decoding=\"async\" width=\"580\" height=\"390\" src=\"https:\/\/cczimbrulsuceava.ro\/wp-content\/uploads\/2024\/05\/Program-Sarbatori-de-Paste-2024-Centrul-Comercial-Zimbrul-580x390.jpg\" class=\"full-width wp-post-image\" alt=\"Orar S\u0103rb\u0103tori Pascale 2024\" title=\"Orar S\u0103rb\u0103tori Pascale 2024\" \/><div class=\"cmsmasters_img_rollover\"><a href=\"https:\/\/cczimbrulsuceava.ro\/index.php\/2024\/05\/03\/orar-sarbatori-pascale-2024\/\" title=\"Orar S\u0103rb\u0103tori Pascale 2024\" class=\"cmsmasters_open_link\"><\/a><\/div><\/figure><span class=\"cmsmasters_slider_post_date\"><abbr class=\"published\" title=\"3 mai 2024\">3 mai 2024<\/abbr><abbr class=\"dn date updated\" title=\"3 mai 2024\">3 mai 2024<\/abbr><\/span><\/div><div class=\"cmsmasters_slider_post_inner\"><header class=\"cmsmasters_slider_post_header entry-header\"><h4 class=\"cmsmasters_slider_post_title entry-title\"><a href=\"https:\/\/cczimbrulsuceava.ro\/index.php\/2024\/05\/03\/orar-sarbatori-pascale-2024\/\">Orar S\u0103rb\u0103tori Pascale 2024<\/a><\/h4><\/header><div class=\"cmsmasters_slider_post_cont_info entry-meta\"><span class=\"cmsmasters_slider_post_category\">In <a href=\"https:\/\/cczimbrulsuceava.ro\/index.php\/category\/news\/\" class=\"cmsmasters_cat_color cmsmasters_cat_19\" rel=\"category tag\">News<\/a><\/span><\/div><div class=\"cmsmasters_slider_post_content entry-content\">\n<p>Cu ocazia S\u0103rb\u0103torilor de Pa\u0219ti ce se apropie orarul se modific\u0103 temporar dup\u0103 progamul de mai sus. Administra\u021bia C.C.Z. ureaz\u0103...<\/p>\n<\/div>\n<footer class=\"cmsmasters_slider_post_footer entry-meta\"><span class=\"cmsmasters_likes cmsmasters_slider_post_likes\"><a href=\"#\" onclick=\"cmsmastersLike(9967); return false;\" id=\"cmsmastersLike-9967\" class=\"cmsmastersLike cmsmasters_theme_icon_like\"><span>0<\/span><\/a><\/span><span class=\"cmsmasters_comments cmsmasters_slider_post_comments\"><a class=\"cmsmasters_theme_icon_comment\" href=\"https:\/\/cczimbrulsuceava.ro\/index.php\/2024\/05\/03\/orar-sarbatori-pascale-2024\/#respond\" title=\"Comment on Orar S\u0103rb\u0103tori Pascale 2024\"><span>0<\/span><\/a><\/span><\/footer><\/div>\t<\/div>\r\n<\/article>\r\n<!--_________________________ Finish Standard Article _________________________ -->\r\n\r\n<\/div><div>\r\n<!--_________________________ Start Standard Article _________________________ -->\r\n\r\n<article id=\"post-9962\" class=\"cmsmasters_slider_post post-9962 post type-post status-publish format-standard has-post-thumbnail hentry category-news tag-centrul-comercial-zimbrul-suceava tag-orar-functionare\">\r\n\t<div class=\"cmsmasters_slider_post_outer\">\r\n\t<div class=\"cmsmasters_slider_post_date_img_wrap\"><figure class=\"cmsmasters_img_rollover_wrap preloader\"><img loading=\"lazy\" decoding=\"async\" width=\"580\" height=\"390\" src=\"https:\/\/cczimbrulsuceava.ro\/wp-content\/uploads\/2024\/04\/Program-Modificat-CCZ-580x390.jpg\" class=\"full-width wp-post-image\" alt=\"Noul program de func\u021bionare al Complexului Comercial &#8222;Zimbrul&#8221; Suceava\" title=\"Noul program de func\u021bionare al Complexului Comercial &#8222;Zimbrul&#8221; Suceava\" \/><div class=\"cmsmasters_img_rollover\"><a href=\"https:\/\/cczimbrulsuceava.ro\/index.php\/2024\/04\/29\/noul-program-de-functionare-al-complexului-comercial-zimbrul-suceava\/\" title=\"Noul program de func\u021bionare al Complexului Comercial &#8222;Zimbrul&#8221; Suceava\" class=\"cmsmasters_open_link\"><\/a><\/div><\/figure><span class=\"cmsmasters_slider_post_date\"><abbr class=\"published\" title=\"29 aprilie 2024\">29 aprilie 2024<\/abbr><abbr class=\"dn date updated\" title=\"29 aprilie 2024\">29 aprilie 2024<\/abbr><\/span><\/div><div class=\"cmsmasters_slider_post_inner\"><header class=\"cmsmasters_slider_post_header entry-header\"><h4 class=\"cmsmasters_slider_post_title entry-title\"><a href=\"https:\/\/cczimbrulsuceava.ro\/index.php\/2024\/04\/29\/noul-program-de-functionare-al-complexului-comercial-zimbrul-suceava\/\">Noul program de func\u021bionare al Complexului Comercial &#8222;Zimbrul&#8221; Suceava<\/a><\/h4><\/header><div class=\"cmsmasters_slider_post_cont_info entry-meta\"><span class=\"cmsmasters_slider_post_category\">In <a href=\"https:\/\/cczimbrulsuceava.ro\/index.php\/category\/news\/\" class=\"cmsmasters_cat_color cmsmasters_cat_19\" rel=\"category tag\">News<\/a><\/span><\/div><footer class=\"cmsmasters_slider_post_footer entry-meta\"><span class=\"cmsmasters_likes cmsmasters_slider_post_likes\"><a href=\"#\" onclick=\"cmsmastersLike(9962); return false;\" id=\"cmsmastersLike-9962\" class=\"cmsmastersLike cmsmasters_theme_icon_like\"><span>0<\/span><\/a><\/span><span class=\"cmsmasters_comments cmsmasters_slider_post_comments\"><a class=\"cmsmasters_theme_icon_comment\" href=\"https:\/\/cczimbrulsuceava.ro\/index.php\/2024\/04\/29\/noul-program-de-functionare-al-complexului-comercial-zimbrul-suceava\/#respond\" title=\"Comment on Noul program de func\u021bionare al Complexului Comercial &#8222;Zimbrul&#8221; Suceava\"><span>0<\/span><\/a><\/span><\/footer><\/div>\t<\/div>\r\n<\/article>\r\n<!--_________________________ Finish Standard Article _________________________ -->\r\n\r\n<\/div><div>\r\n<!--_________________________ Start Standard Article _________________________ -->\r\n\r\n<article id=\"post-9954\" class=\"cmsmasters_slider_post post-9954 post type-post status-publish format-standard has-post-thumbnail hentry category-news tag-centrul-comercial-zimbrul-suceava tag-orar-functionare\">\r\n\t<div class=\"cmsmasters_slider_post_outer\">\r\n\t<div class=\"cmsmasters_slider_post_date_img_wrap\"><figure class=\"cmsmasters_img_rollover_wrap preloader\"><img loading=\"lazy\" decoding=\"async\" width=\"580\" height=\"390\" src=\"https:\/\/cczimbrulsuceava.ro\/wp-content\/uploads\/2023\/12\/Program-Sarbatori-2024-580x390.jpg\" class=\"full-width wp-post-image\" alt=\"Program special de func\u021bionare &#8211; decembrie 2023\" title=\"Program special de func\u021bionare &#8211; decembrie 2023\" \/><div class=\"cmsmasters_img_rollover\"><a href=\"https:\/\/cczimbrulsuceava.ro\/index.php\/2023\/12\/11\/program-special-de-functionare-decembrie-2023\/\" title=\"Program special de func\u021bionare &#8211; decembrie 2023\" class=\"cmsmasters_open_link\"><\/a><\/div><\/figure><span class=\"cmsmasters_slider_post_date\"><abbr class=\"published\" title=\"11 decembrie 2023\">11 decembrie 2023<\/abbr><abbr class=\"dn date updated\" title=\"12 decembrie 2023\">12 decembrie 2023<\/abbr><\/span><\/div><div class=\"cmsmasters_slider_post_inner\"><header class=\"cmsmasters_slider_post_header entry-header\"><h4 class=\"cmsmasters_slider_post_title entry-title\"><a href=\"https:\/\/cczimbrulsuceava.ro\/index.php\/2023\/12\/11\/program-special-de-functionare-decembrie-2023\/\">Program special de func\u021bionare &#8211; decembrie 2023<\/a><\/h4><\/header><div class=\"cmsmasters_slider_post_cont_info entry-meta\"><span class=\"cmsmasters_slider_post_category\">In <a href=\"https:\/\/cczimbrulsuceava.ro\/index.php\/category\/news\/\" class=\"cmsmasters_cat_color cmsmasters_cat_19\" rel=\"category tag\">News<\/a><\/span><\/div><footer class=\"cmsmasters_slider_post_footer entry-meta\"><span class=\"cmsmasters_likes cmsmasters_slider_post_likes\"><a href=\"#\" onclick=\"cmsmastersLike(9954); return false;\" id=\"cmsmastersLike-9954\" class=\"cmsmastersLike cmsmasters_theme_icon_like\"><span>0<\/span><\/a><\/span><span class=\"cmsmasters_comments cmsmasters_slider_post_comments\"><a class=\"cmsmasters_theme_icon_comment\" href=\"https:\/\/cczimbrulsuceava.ro\/index.php\/2023\/12\/11\/program-special-de-functionare-decembrie-2023\/#respond\" title=\"Comment on Program special de func\u021bionare &#8211; decembrie 2023\"><span>0<\/span><\/a><\/span><\/footer><\/div>\t<\/div>\r\n<\/article>\r\n<!--_________________________ Finish Standard Article _________________________ -->\r\n\r\n<\/div><div>\r\n<!--_________________________ Start Standard Article _________________________ -->\r\n\r\n<article id=\"post-9942\" class=\"cmsmasters_slider_post post-9942 post type-post status-publish format-standard has-post-thumbnail hentry category-news tag-centrul-comercial-zimbrul-suceava tag-orar-paste-2023\">\r\n\t<div class=\"cmsmasters_slider_post_outer\">\r\n\t<div class=\"cmsmasters_slider_post_date_img_wrap\"><figure class=\"cmsmasters_img_rollover_wrap preloader\"><img loading=\"lazy\" decoding=\"async\" width=\"580\" height=\"390\" src=\"https:\/\/cczimbrulsuceava.ro\/wp-content\/uploads\/2023\/03\/Program-Sarbatori-de-Paste-2022-Centrul-Comercial-Zimbrul-580x390.jpg\" class=\"full-width wp-post-image\" alt=\"Orar S\u0103rb\u0103tori Pascale 2023\" title=\"Orar S\u0103rb\u0103tori Pascale 2023\" \/><div class=\"cmsmasters_img_rollover\"><a href=\"https:\/\/cczimbrulsuceava.ro\/index.php\/2023\/03\/29\/orar-sarbatori-pascale-2023\/\" title=\"Orar S\u0103rb\u0103tori Pascale 2023\" class=\"cmsmasters_open_link\"><\/a><\/div><\/figure><span class=\"cmsmasters_slider_post_date\"><abbr class=\"published\" title=\"29 martie 2023\">29 martie 2023<\/abbr><abbr class=\"dn date updated\" title=\"3 mai 2024\">3 mai 2024<\/abbr><\/span><\/div><div class=\"cmsmasters_slider_post_inner\"><header class=\"cmsmasters_slider_post_header entry-header\"><h4 class=\"cmsmasters_slider_post_title entry-title\"><a href=\"https:\/\/cczimbrulsuceava.ro\/index.php\/2023\/03\/29\/orar-sarbatori-pascale-2023\/\">Orar S\u0103rb\u0103tori Pascale 2023<\/a><\/h4><\/header><div class=\"cmsmasters_slider_post_cont_info entry-meta\"><span class=\"cmsmasters_slider_post_category\">In <a href=\"https:\/\/cczimbrulsuceava.ro\/index.php\/category\/news\/\" class=\"cmsmasters_cat_color cmsmasters_cat_19\" rel=\"category tag\">News<\/a><\/span><\/div><div class=\"cmsmasters_slider_post_content entry-content\">\n<p>Cu ocazia S\u0103rb\u0103torilor de Pa\u0219ti ce se apropie orarul se modific\u0103 temporar dup\u0103 progamul de mai sus. Administra\u021bia C.C.Z. ureaz\u0103...<\/p>\n<\/div>\n<footer class=\"cmsmasters_slider_post_footer entry-meta\"><span class=\"cmsmasters_likes cmsmasters_slider_post_likes\"><a href=\"#\" onclick=\"cmsmastersLike(9942); return false;\" id=\"cmsmastersLike-9942\" class=\"cmsmastersLike cmsmasters_theme_icon_like\"><span>0<\/span><\/a><\/span><span class=\"cmsmasters_comments cmsmasters_slider_post_comments\"><a class=\"cmsmasters_theme_icon_comment\" href=\"https:\/\/cczimbrulsuceava.ro\/index.php\/2023\/03\/29\/orar-sarbatori-pascale-2023\/#respond\" title=\"Comment on Orar S\u0103rb\u0103tori Pascale 2023\"><span>0<\/span><\/a><\/span><\/footer><\/div>\t<\/div>\r\n<\/article>\r\n<!--_________________________ Finish Standard Article _________________________ -->\r\n\r\n<\/div><div>\r\n<!--_________________________ Start Standard Article _________________________ -->\r\n\r\n<article id=\"post-9932\" class=\"cmsmasters_slider_post post-9932 post type-post status-publish format-standard has-post-thumbnail hentry category-news tag-centrul-comercial-zimbrul-suceava tag-orar-functionare\">\r\n\t<div class=\"cmsmasters_slider_post_outer\">\r\n\t<div class=\"cmsmasters_slider_post_date_img_wrap\"><figure class=\"cmsmasters_img_rollover_wrap preloader\"><img loading=\"lazy\" decoding=\"async\" width=\"580\" height=\"390\" src=\"https:\/\/cczimbrulsuceava.ro\/wp-content\/uploads\/2023\/03\/Orar-functionare-nou-Zimbru-2023-580x390.jpg\" class=\"full-width wp-post-image\" alt=\"Orar nou de func\u021bionare dup\u0103 1 aprilie 2023\" title=\"Orar nou de func\u021bionare dup\u0103 1 aprilie 2023\" \/><div class=\"cmsmasters_img_rollover\"><a href=\"https:\/\/cczimbrulsuceava.ro\/index.php\/2023\/03\/29\/orar-nou-de-functionare-dupa-1-aprilie-2023\/\" title=\"Orar nou de func\u021bionare dup\u0103 1 aprilie 2023\" class=\"cmsmasters_open_link\"><\/a><\/div><\/figure><span class=\"cmsmasters_slider_post_date\"><abbr class=\"published\" title=\"29 martie 2023\">29 martie 2023<\/abbr><abbr class=\"dn date updated\" title=\"29 aprilie 2024\">29 aprilie 2024<\/abbr><\/span><\/div><div class=\"cmsmasters_slider_post_inner\"><header class=\"cmsmasters_slider_post_header entry-header\"><h4 class=\"cmsmasters_slider_post_title entry-title\"><a href=\"https:\/\/cczimbrulsuceava.ro\/index.php\/2023\/03\/29\/orar-nou-de-functionare-dupa-1-aprilie-2023\/\">Orar nou de func\u021bionare dup\u0103 1 aprilie 2023<\/a><\/h4><\/header><div class=\"cmsmasters_slider_post_cont_info entry-meta\"><span class=\"cmsmasters_slider_post_category\">In <a href=\"https:\/\/cczimbrulsuceava.ro\/index.php\/category\/news\/\" class=\"cmsmasters_cat_color cmsmasters_cat_19\" rel=\"category tag\">News<\/a><\/span><\/div><div class=\"cmsmasters_slider_post_content entry-content\">\n<p>Administra\u021bia Centrului Comercial &#8222;Zimbru&#8221; Suceava anun\u021b\u0103 modific\u0103ri \u00een ceea ce prive\u0219te orarul de func\u021bionare al complexului. Acestea vor avea loc...<\/p>\n<\/div>\n<footer class=\"cmsmasters_slider_post_footer entry-meta\"><span class=\"cmsmasters_likes cmsmasters_slider_post_likes\"><a href=\"#\" onclick=\"cmsmastersLike(9932); return false;\" id=\"cmsmastersLike-9932\" class=\"cmsmastersLike cmsmasters_theme_icon_like\"><span>2<\/span><\/a><\/span><span class=\"cmsmasters_comments cmsmasters_slider_post_comments\"><a class=\"cmsmasters_theme_icon_comment\" href=\"https:\/\/cczimbrulsuceava.ro\/index.php\/2023\/03\/29\/orar-nou-de-functionare-dupa-1-aprilie-2023\/#respond\" title=\"Comment on Orar nou de func\u021bionare dup\u0103 1 aprilie 2023\"><span>0<\/span><\/a><\/span><\/footer><\/div>\t<\/div>\r\n<\/article>\r\n<!--_________________________ Finish Standard Article _________________________ -->\r\n\r\n<\/div><div>\r\n<!--_________________________ Start Standard Article _________________________ -->\r\n\r\n<article id=\"post-9908\" class=\"cmsmasters_slider_post post-9908 post type-post status-publish format-standard has-post-thumbnail hentry category-news tag-centrul-comercial-zimbrul-suceava tag-transport-public-local-suceava\">\r\n\t<div class=\"cmsmasters_slider_post_outer\">\r\n\t<div class=\"cmsmasters_slider_post_date_img_wrap\"><figure class=\"cmsmasters_img_rollover_wrap preloader\"><img loading=\"lazy\" decoding=\"async\" width=\"580\" height=\"390\" src=\"https:\/\/cczimbrulsuceava.ro\/wp-content\/uploads\/2023\/01\/Moovit_Logo-primary-580x390.png\" class=\"full-width wp-post-image\" alt=\"Cum s\u0103 ajungi la noi cu un autobuz local?\" title=\"Cum s\u0103 ajungi la noi cu un autobuz local?\" \/><div class=\"cmsmasters_img_rollover\"><a href=\"https:\/\/cczimbrulsuceava.ro\/index.php\/2023\/01\/03\/cum-sa-ajungi-la-noi-cu-un-autobuz-local\/\" title=\"Cum s\u0103 ajungi la noi cu un autobuz local?\" class=\"cmsmasters_open_link\"><\/a><\/div><\/figure><span class=\"cmsmasters_slider_post_date\"><abbr class=\"published\" title=\"3 ianuarie 2023\">3 ianuarie 2023<\/abbr><abbr class=\"dn date updated\" title=\"29 aprilie 2024\">29 aprilie 2024<\/abbr><\/span><\/div><div class=\"cmsmasters_slider_post_inner\"><header class=\"cmsmasters_slider_post_header entry-header\"><h4 class=\"cmsmasters_slider_post_title entry-title\"><a href=\"https:\/\/cczimbrulsuceava.ro\/index.php\/2023\/01\/03\/cum-sa-ajungi-la-noi-cu-un-autobuz-local\/\">Cum s\u0103 ajungi la noi cu un autobuz local?<\/a><\/h4><\/header><div class=\"cmsmasters_slider_post_cont_info entry-meta\"><span class=\"cmsmasters_slider_post_category\">In <a href=\"https:\/\/cczimbrulsuceava.ro\/index.php\/category\/news\/\" class=\"cmsmasters_cat_color cmsmasters_cat_19\" rel=\"category tag\">News<\/a><\/span><\/div><div class=\"cmsmasters_slider_post_content entry-content\">\n<p>Dorim s\u0103 fim c\u00e2t mai aproape de clien\u021bii no\u0219tri. De aceea, ne-am indexat \u00een aplica\u021bia Moovit pentru a ajunge mai...<\/p>\n<\/div>\n<footer class=\"cmsmasters_slider_post_footer entry-meta\"><span class=\"cmsmasters_likes cmsmasters_slider_post_likes\"><a href=\"#\" onclick=\"cmsmastersLike(9908); return false;\" id=\"cmsmastersLike-9908\" class=\"cmsmastersLike cmsmasters_theme_icon_like\"><span>1<\/span><\/a><\/span><span class=\"cmsmasters_comments cmsmasters_slider_post_comments\"><a class=\"cmsmasters_theme_icon_comment\" href=\"https:\/\/cczimbrulsuceava.ro\/index.php\/2023\/01\/03\/cum-sa-ajungi-la-noi-cu-un-autobuz-local\/#respond\" title=\"Comment on Cum s\u0103 ajungi la noi cu un autobuz local?\"><span>0<\/span><\/a><\/span><\/footer><\/div>\t<\/div>\r\n<\/article>\r\n<!--_________________________ Finish Standard Article _________________________ -->\r\n\r\n<\/div><\/div><\/div>\n<div id=\"cmsmasters_divider_69f5ac91455f4\" class=\"cmsmasters_divider cmsmasters_divider_width_long cmsmasters_divider_pos_center\"><\/div>\n<div id=\"cmsmasters_heading_69f5ac9145604\" class=\"cmsmasters_heading_wrap cmsmasters_heading_align_center\">\n\t<h2 class=\"cmsmasters_heading\">Projects Slider<\/h2>\n<\/div>\n<\/div>\n<\/div>\n<\/div>\n<\/div>\n<\/div>\n<\/div>\n\n","protected":false},"excerpt":{"rendered":"","protected":false},"author":1,"featured_media":0,"parent":0,"menu_order":0,"comment_status":"closed","ping_status":"closed","template":"","meta":{"footnotes":""},"class_list":["post-391","page","type-page","status-publish","hentry"],"_links":{"self":[{"href":"https:\/\/cczimbrulsuceava.ro\/index.php\/wp-json\/wp\/v2\/pages\/391","targetHints":{"allow":["GET"]}}],"collection":[{"href":"https:\/\/cczimbrulsuceava.ro\/index.php\/wp-json\/wp\/v2\/pages"}],"about":[{"href":"https:\/\/cczimbrulsuceava.ro\/index.php\/wp-json\/wp\/v2\/types\/page"}],"author":[{"embeddable":true,"href":"https:\/\/cczimbrulsuceava.ro\/index.php\/wp-json\/wp\/v2\/users\/1"}],"replies":[{"embeddable":true,"href":"https:\/\/cczimbrulsuceava.ro\/index.php\/wp-json\/wp\/v2\/comments?post=391"}],"version-history":[{"count":0,"href":"https:\/\/cczimbrulsuceava.ro\/index.php\/wp-json\/wp\/v2\/pages\/391\/revisions"}],"wp:attachment":[{"href":"https:\/\/cczimbrulsuceava.ro\/index.php\/wp-json\/wp\/v2\/media?parent=391"}],"curies":[{"name":"wp","href":"https:\/\/api.w.org\/{rel}","templated":true}]}}